{"id":41,"date":"2024-03-06T22:52:47","date_gmt":"2024-03-06T22:52:47","guid":{"rendered":"https:\/\/entsocalberta.ca\/jam2025\/en\/?page_id=41"},"modified":"2025-10-05T22:53:42","modified_gmt":"2025-10-05T22:53:42","slug":"fr","status":"publish","type":"page","link":"https:\/\/entsocalberta.ca\/jam2025\/fr\/","title":{"rendered":"Bienvenue!"},"content":{"rendered":"\n<div class=\"wp-block-columns alignwide are-vertically-aligned-top is-layout-flex wp-container-core-columns-is-layout-5c8fb865 wp-block-columns-is-layout-flex\">\n<div class=\"wp-block-column is-vertically-aligned-top has-global-padding is-content-justification-center is-layout-constrained wp-block-column-is-layout-constrained\" style=\"padding-top:0;padding-bottom:0\">\n<h3 class=\"wp-block-heading has-text-align-center\">Bienvenue!<\/h3>\n\n\n\n<p>Nous sommes ravis de vous accueillir \u00e0 la R\u00e9union annuelle conjointe 2025 des Soci\u00e9t\u00e9s d\u2019entomologie du Canada et de l\u2019Alberta \u00e0 Calgary.<\/p>\n\n\n\n<p>Le programme scientifique commence \u00e0 13:30 h le dimanche 5 octobre et se termine en fin d\u2019apr\u00e8s-midi le mercredi 8 octobre au Best Western Premier Calgary Plaza Hotel &amp; Conference Centre.<\/p>\n<\/div>\n\n\n\n<div class=\"wp-block-column has-global-padding is-layout-constrained wp-block-column-is-layout-constrained\">\n<p class=\"has-text-align-center\"><strong>Liens rapides<\/strong><\/p>\n\n\n\n<div class=\"wp-block-buttons has-custom-font-size has-small-font-size is-vertical is-content-justification-center is-layout-flex wp-container-core-buttons-is-layout-734eb2c2 wp-block-buttons-is-layout-flex\" style=\"border-radius:5px\">\n<div class=\"wp-block-button has-custom-width wp-block-button__width-75\"><a class=\"wp-block-button__link wp-element-button\" href=\"https:\/\/entsocalberta.ca\/jam2025\/wp-content\/uploads\/2025\/10\/0ESC-ESAB-JAM-2025-Scientific-Program-FOR-DISTRIBUTION-5-Oct-2025.pdf\" target=\"_blank\" rel=\"noreferrer noopener\">Programme complet (t\u00e9l\u00e9chargement PDF)<\/a><\/div>\n\n\n\n<div class=\"wp-block-button has-custom-width wp-block-button__width-75\"><a class=\"wp-block-button__link wp-element-button\" href=\"https:\/\/entsocalberta.ca\/jam2025\/wp-content\/uploads\/2025\/10\/JAM2025_Schedule_FR.pdf\" target=\"_blank\" rel=\"noreferrer noopener\">Horaire en bref (t\u00e9l\u00e9chargement PDF)<\/a><\/div>\n\n\n\n<div class=\"wp-block-button has-custom-width wp-block-button__width-75\"><a class=\"wp-block-button__link wp-element-button\" href=\"http:\/\/www.visitcalgary.com\/FR-ESABJAM2025\" style=\"border-radius:0%\" target=\"_blank\" rel=\"noreferrer noopener\">Tourisme Calgary<\/a><\/div>\n\n\n\n<div class=\"wp-block-button has-custom-width wp-block-button__width-75\"><a class=\"wp-block-button__link wp-element-button\" href=\"https:\/\/docs.google.com\/forms\/d\/e\/1FAIpQLSeqbIYBSOK7qShsPhir6dlKjv2evaZnASywNCLRg8Rfi2cyKA\/viewform?usp=sharing&amp;ouid=113347531804002086274\" target=\"_blank\" rel=\"noreferrer noopener\">Signaler une violation du code de conduite (anonyme)<\/a><\/div>\n<\/div>\n<\/div>\n<\/div>\n\n\n\n<div style=\"height:50px\" aria-hidden=\"true\" class=\"wp-block-spacer\"><\/div>\n\n\n\n<div class=\"wp-block-columns is-layout-flex wp-container-core-columns-is-layout-8bd7e244 wp-block-columns-is-layout-flex\" style=\"margin-top:0;margin-bottom:0;padding-top:0;padding-right:0;padding-bottom:0;padding-left:0\">\n<div class=\"wp-block-column has-background has-global-padding is-layout-constrained wp-container-core-column-is-layout-7db9d80f wp-block-column-is-layout-constrained\" style=\"border-radius:10%;background-color:#d9ead3;padding-right:0;padding-left:0;box-shadow:var(--wp--preset--shadow--natural)\">\n<h4 class=\"wp-block-heading has-text-align-center\" style=\"padding-top:var(--wp--preset--spacing--10);padding-bottom:var(--wp--preset--spacing--10)\"><a href=\"https:\/\/entsocalberta.ca\/jam2025\/fr\/programme\/pleniere\/\">Conf\u00e9rences pl\u00e9ni\u00e8res<\/a><\/h4>\n\n\n<div style=\"min-height: 435px;; \" class=\"ub_image_slider swiper-container wp-block-ub-image-slider\" id=\"ub_image_slider_d4400de8-d450-442e-acf3-a10183ab2e59\" data-swiper-data='{\"speed\":300,\"spaceBetween\":0,\"slidesPerView\":1,\"loop\":true,\"pagination\":{\"el\": \".swiper-pagination\" , \"type\": \"bullets\", \"clickable\":true},\"navigation\": {\"nextEl\": \".swiper-button-next\", \"prevEl\": \".swiper-button-prev\"}, \"keyboard\": { \"enabled\": true }, \"effect\": \"slide\",\"autoplay\":{\"delay\": 5000},\"simulateTouch\":false}'>\n\t\t\t<div class=\"swiper-wrapper\"><figure class=\"swiper-slide\">\n\t\t\t\t<img decoding=\"async\" src=\"https:\/\/entsocalberta.ca\/jam2025\/wp-content\/uploads\/2025\/05\/Dr.-Andrea-Gloria-Soria.jpg\" alt=\"\" style=\"height: 400px;; \">\n\t\t\t\t<figcaption class=\"ub_image_slider_image_caption\"><a href=\"https:\/\/entsocalberta.ca\/jam2025\/fr\/programme\/pleniere\/\">Dre Andrea Gloria-Soria<br><br>Using population genomics to reconstruct Aedes aegypti evolutionary history<\/a><\/figcaption>\n\t\t\t<\/figure><figure class=\"swiper-slide\">\n\t\t\t\t<img decoding=\"async\" src=\"https:\/\/entsocalberta.ca\/jam2025\/wp-content\/uploads\/2025\/09\/MacMillan-High-Res-scaled-e1701105111242.jpeg\" alt=\"\" style=\"height: 400px;; \">\n\t\t\t\t<figcaption class=\"ub_image_slider_image_caption\"><a href=\"https:\/\/entsocalberta.ca\/jam2025\/fr\/programme\/pleniere\/\">Dr Heath MacMillan<br><br>New woes rising: How chronic stressors progressively challenge insect physiology<\/a><\/figcaption>\n\t\t\t<\/figure><figure class=\"swiper-slide\">\n\t\t\t\t<img decoding=\"async\" src=\"https:\/\/entsocalberta.ca\/jam2025\/wp-content\/uploads\/2025\/05\/Dr.-Phil-Lounibos-e1747422407966.jpeg\" alt=\"\" style=\"height: 400px;; \">\n\t\t\t\t<figcaption class=\"ub_image_slider_image_caption\"><a href=\"https:\/\/entsocalberta.ca\/jam2025\/fr\/programme\/pleniere\/\">Dr L. Philip Lounibos<br><br>Invasive species and mosquito-borne disease<\/a><\/figcaption>\n\t\t\t<\/figure><figure class=\"swiper-slide\">\n\t\t\t\t<img decoding=\"async\" src=\"https:\/\/entsocalberta.ca\/jam2025\/wp-content\/uploads\/2025\/07\/Dr.-Janet-Sperling-cropped-scaled.jpg\" alt=\"\" style=\"height: 400px;; \">\n\t\t\t\t<figcaption class=\"ub_image_slider_image_caption\"><a href=\"https:\/\/entsocalberta.ca\/jam2025\/fr\/programme\/pleniere\/\">Dre Janet Sperling<br><br>Lyme, CanLyme and entomologists in action<\/a><\/figcaption>\n\t\t\t<\/figure><\/div>\n\t\t\t<div class=\"swiper-pagination\"><\/div>\n\t\t\t<div class=\"swiper-button-prev\"><\/div> <div class=\"swiper-button-next\"><\/div>\n\t\t<\/div><\/div>\n\n\n\n<div class=\"wp-block-column has-background has-global-padding is-layout-constrained wp-container-core-column-is-layout-19e250f3 wp-block-column-is-layout-constrained\" style=\"border-radius:10%;background-color:#d9ead3;box-shadow:var(--wp--preset--shadow--natural)\">\n<h4 class=\"wp-block-heading has-text-align-center\" style=\"padding-top:var(--wp--preset--spacing--10);padding-bottom:var(--wp--preset--spacing--10)\"><a href=\"https:\/\/entsocalberta.ca\/jam2025\/en\/program\/symposia\/\">Symposium<\/a><\/h4>\n\n\n<ul style=\"padding-left: 1.1em; text-align: left; --ub-list-item-icon-top: 3px;; --ub-list-item-icon-size: 0.9em; --ub-list-item-background-image: url('data:image\/svg+xml;utf8,&lt;svg xmlns=&quot;http:\/\/www.w3.org\/2000\/svg&quot; viewBox=&quot;0 0 512 512&quot;&gt;&lt;path fill=&quot;%23000000&quot; d=&quot;M256 0c53 0 96 43 96 96v3.6c0 15.7-12.7 28.4-28.4 28.4H188.4c-15.7 0-28.4-12.7-28.4-28.4V96c0-53 43-96 96-96zM41.4 105.4c12.5-12.5 32.8-12.5 45.3 0l64 64c.7 .7 1.3 1.4 1.9 2.1c14.2-7.3 30.4-11.4 47.5-11.4H312c17.1 0 33.2 4.1 47.5 11.4c.6-.7 1.2-1.4 1.9-2.1l64-64c12.5-12.5 32.8-12.5 45.3 0s12.5 32.8 0 45.3l-64 64c-.7 .7-1.4 1.3-2.1 1.9c6.2 12 10.1 25.3 11.1 39.5H480c17.7 0 32 14.3 32 32s-14.3 32-32 32H416c0 24.6-5.5 47.8-15.4 68.6c2.2 1.3 4.2 2.9 6 4.8l64 64c12.5 12.5 12.5 32.8 0 45.3s-32.8 12.5-45.3 0l-63.1-63.1c-24.5 21.8-55.8 36.2-90.3 39.6V240c0-8.8-7.2-16-16-16s-16 7.2-16 16V479.2c-34.5-3.4-65.8-17.8-90.3-39.6L86.6 502.6c-12.5 12.5-32.8 12.5-45.3 0s-12.5-32.8 0-45.3l64-64c1.9-1.9 3.9-3.4 6-4.8C101.5 367.8 96 344.6 96 320H32c-17.7 0-32-14.3-32-32s14.3-32 32-32H96.3c1.1-14.1 5-27.5 11.1-39.5c-.7-.6-1.4-1.2-2.1-1.9l-64-64c-12.5-12.5-12.5-32.8 0-45.3z&quot;&gt;&lt;\/path&gt;&lt;\/svg&gt;'); --ub-list-item-fa-li-top: 3px; --ub-list-item-spacing: 25px; \" class=\"wp-block-ub-styled-list ub_styled_list\" id=\"ub_styled_list-27b7140d-1db3-4ec5-9fe1-5b418933df01\"><div class=\"ub-block-list__layout\" style=\"text-align: left; column-count: 1; --ub-list-mobile-column-count: 1; \"><li class=\"ub_styled_list_item\" style=\"font-size: 20px;; --ub-list-item-icon-top: 3px; --ub-list-item-icon-size: 0.9em; --ub-list-item-background-image: url('data:image\/svg+xml;utf8,&lt;svg xmlns=&quot;http:\/\/www.w3.org\/2000\/svg&quot; viewBox=&quot;0 0 512 512&quot;&gt;&lt;path fill=&quot;%23000000&quot; d=&quot;M256 0c53 0 96 43 96 96v3.6c0 15.7-12.7 28.4-28.4 28.4H188.4c-15.7 0-28.4-12.7-28.4-28.4V96c0-53 43-96 96-96zM41.4 105.4c12.5-12.5 32.8-12.5 45.3 0l64 64c.7 .7 1.3 1.4 1.9 2.1c14.2-7.3 30.4-11.4 47.5-11.4H312c17.1 0 33.2 4.1 47.5 11.4c.6-.7 1.2-1.4 1.9-2.1l64-64c12.5-12.5 32.8-12.5 45.3 0s12.5 32.8 0 45.3l-64 64c-.7 .7-1.4 1.3-2.1 1.9c6.2 12 10.1 25.3 11.1 39.5H480c17.7 0 32 14.3 32 32s-14.3 32-32 32H416c0 24.6-5.5 47.8-15.4 68.6c2.2 1.3 4.2 2.9 6 4.8l64 64c12.5 12.5 12.5 32.8 0 45.3s-32.8 12.5-45.3 0l-63.1-63.1c-24.5 21.8-55.8 36.2-90.3 39.6V240c0-8.8-7.2-16-16-16s-16 7.2-16 16V479.2c-34.5-3.4-65.8-17.8-90.3-39.6L86.6 502.6c-12.5 12.5-32.8 12.5-45.3 0s-12.5-32.8 0-45.3l64-64c1.9-1.9 3.9-3.4 6-4.8C101.5 367.8 96 344.6 96 320H32c-17.7 0-32-14.3-32-32s14.3-32 32-32H96.3c1.1-14.1 5-27.5 11.1-39.5c-.7-.6-1.4-1.2-2.1-1.9l-64-64c-12.5-12.5-12.5-32.8 0-45.3z&quot;&gt;&lt;\/path&gt;&lt;\/svg&gt;'); \" id=\"ub-styled-list-item-d66e9143-2a85-4ff9-9796-0dac3e616a00\">Le dendroctone du pin ponderosa : ni tout \u00e0 fait nouveau, ni tout \u00e0 fait en expansion : ce que nous avons appris de l\u2019accroissement de sa r\u00e9partition en Alberta<\/li><li class=\"ub_styled_list_item\" style=\"font-size: 20px;; --ub-list-item-icon-top: 3px; --ub-list-item-icon-size: 0.9em; --ub-list-item-background-image: url('data:image\/svg+xml;utf8,&lt;svg xmlns=&quot;http:\/\/www.w3.org\/2000\/svg&quot; viewBox=&quot;0 0 512 512&quot;&gt;&lt;path fill=&quot;%23000000&quot; d=&quot;M383.8 351.7c2.5-2.5 105.2-92.4 105.2-92.4l-17.5-7.5c-10-4.9-7.4-11.5-5-17.4 2.4-7.6 20.1-67.3 20.1-67.3s-47.7 10-57.7 12.5c-7.5 2.4-10-2.5-12.5-7.5s-15-32.4-15-32.4-52.6 59.9-55.1 62.3c-10 7.5-20.1 0-17.6-10 0-10 27.6-129.6 27.6-129.6s-30.1 17.4-40.1 22.4c-7.5 5-12.6 5-17.6-5C293.5 72.3 255.9 0 255.9 0s-37.5 72.3-42.5 79.8c-5 10-10 10-17.6 5-10-5-40.1-22.4-40.1-22.4S183.3 182 183.3 192c2.5 10-7.5 17.5-17.6 10-2.5-2.5-55.1-62.3-55.1-62.3S98.1 167 95.6 172s-5 9.9-12.5 7.5C73 177 25.4 167 25.4 167s17.6 59.7 20.1 67.3c2.4 6 5 12.5-5 17.4L23 259.3s102.6 89.9 105.2 92.4c5.1 5 10 7.5 5.1 22.5-5.1 15-10.1 35.1-10.1 35.1s95.2-20.1 105.3-22.6c8.7-.9 18.3 2.5 18.3 12.5S241 512 241 512h30s-5.8-102.7-5.8-112.8 9.5-13.4 18.4-12.5c10 2.5 105.2 22.6 105.2 22.6s-5-20.1-10-35.1 0-17.5 5-22.5z&quot;&gt;&lt;\/path&gt;&lt;\/svg&gt;'); \" id=\"ub-styled-list-item-b78b75b0-718e-4651-80b8-4fba5640cfb6\">Lancer un vaste filet : les d\u00e9fis de la recherche sur la biodiversit\u00e9 dans un pays vaste et \u00e9cologiquement diversifi\u00e9<\/li><li class=\"ub_styled_list_item\" style=\"font-size: 20px;; --ub-list-item-icon-top: 3px; --ub-list-item-icon-size: 0.9em; --ub-list-item-background-image: url('data:image\/svg+xml;utf8,&lt;svg xmlns=&quot;http:\/\/www.w3.org\/2000\/svg&quot; viewBox=&quot;0 0 512 512&quot;&gt;&lt;path fill=&quot;%23000000&quot; d=&quot;M288 120c0-30.9 25.1-56 56-56s56 25.1 56 56v13c-29.3 10-48 34.5-48 70.1c0 27.9 25.3 74.8 66 111.6c3.8 3.5 8.9 5.3 14 5.3s10.2-1.8 14-5.3c40.7-36.8 66-83.7 66-111.6c0-35.6-18.7-60.2-48-70.1V120C464 53.7 410.3 0 344 0S224 53.7 224 120v21.8C207.3 133 188.2 128 168 128c-66.3 0-120 53.7-120 120v13c-29.3 10-48 34.5-48 70.1C0 359 25.3 405.9 66 442.7c3.8 3.5 8.9 5.3 14 5.3s10.2-1.8 14-5.3c40.7-36.8 66-83.7 66-111.6c0-35.6-18.7-60.2-48-70.1V248c0-30.9 25.1-56 56-56s56 25.1 56 56v32V480c0 17.7 14.3 32 32 32s32-14.3 32-32V280 248 120z&quot;&gt;&lt;\/path&gt;&lt;\/svg&gt;'); \" id=\"ub-styled-list-item-7782192b-f607-41a4-ac85-c5dd9e493308\">Mont\u00e9e des c\u00e9cidomyies : l\u2019\u00e9mergence de ravageurs c\u00e9cidomyiid\u00e9s en Am\u00e9rique du Nord<\/li><li class=\"ub_styled_list_item\" style=\"font-size: 20px;; --ub-list-item-icon-top: 3px; --ub-list-item-icon-size: 0.9em; --ub-list-item-background-image: url('data:image\/svg+xml;utf8,&lt;svg xmlns=&quot;http:\/\/www.w3.org\/2000\/svg&quot; viewBox=&quot;0 0 512 512&quot;&gt;&lt;path fill=&quot;%23000000&quot; d=&quot;M78.6 5C69.1-2.4 55.6-1.5 47 7L7 47c-8.5 8.5-9.4 22-2.1 31.6l80 104c4.5 5.9 11.6 9.4 19 9.4h54.1l109 109c-14.7 29-10 65.4 14.3 89.6l112 112c12.5 12.5 32.8 12.5 45.3 0l64-64c12.5-12.5 12.5-32.8 0-45.3l-112-112c-24.2-24.2-60.6-29-89.6-14.3l-109-109V104c0-7.5-3.5-14.5-9.4-19L78.6 5zM19.9 396.1C7.2 408.8 0 426.1 0 444.1C0 481.6 30.4 512 67.9 512c18 0 35.3-7.2 48-19.9L233.7 374.3c-7.8-20.9-9-43.6-3.6-65.1l-61.7-61.7L19.9 396.1zM512 144c0-10.5-1.1-20.7-3.2-30.5c-2.4-11.2-16.1-14.1-24.2-6l-63.9 63.9c-3 3-7.1 4.7-11.3 4.7H352c-8.8 0-16-7.2-16-16V102.6c0-4.2 1.7-8.3 4.7-11.3l63.9-63.9c8.1-8.1 5.2-21.8-6-24.2C388.7 1.1 378.5 0 368 0C288.5 0 224 64.5 224 144l0 .8 85.3 85.3c36-9.1 75.8 .5 104 28.7L429 274.5c49-23 83-72.8 83-130.5zM56 432a24 24 0 1 1 48 0 24 24 0 1 1 -48 0z&quot;&gt;&lt;\/path&gt;&lt;\/svg&gt;'); \" id=\"ub-styled-list-item-5e61e556-99c8-43f4-a2c3-f78895f4502d\">Nouveaux outils de conservation des arthropodes<\/li><li class=\"ub_styled_list_item\" style=\"font-size: 20px;; --ub-list-item-icon-top: 3px; --ub-list-item-icon-size: 0.9em; --ub-list-item-background-image: url('data:image\/svg+xml;utf8,&lt;svg xmlns=&quot;http:\/\/www.w3.org\/2000\/svg&quot; viewBox=&quot;0 0 448 512&quot;&gt;&lt;path fill=&quot;%23000000&quot; d=&quot;M416 0c17.7 0 32 14.3 32 32c0 59.8-30.3 107.5-69.4 146.6c-28 28-62.5 53.5-97.3 77.4l-2.5 1.7c-11.9 8.1-23.8 16.1-35.5 23.9l0 0 0 0 0 0-1.6 1c-6 4-11.9 7.9-17.8 11.9c-20.9 14-40.8 27.7-59.3 41.5H283.3c-9.8-7.4-20.1-14.7-30.7-22.1l7-4.7 3-2c15.1-10.1 30.9-20.6 46.7-31.6c25 18.1 48.9 37.3 69.4 57.7C417.7 372.5 448 420.2 448 480c0 17.7-14.3 32-32 32s-32-14.3-32-32H64c0 17.7-14.3 32-32 32s-32-14.3-32-32c0-59.8 30.3-107.5 69.4-146.6c28-28 62.5-53.5 97.3-77.4c-34.8-23.9-69.3-49.3-97.3-77.4C30.3 139.5 0 91.8 0 32C0 14.3 14.3 0 32 0S64 14.3 64 32H384c0-17.7 14.3-32 32-32zM338.6 384H109.4c-10.1 10.6-18.6 21.3-25.5 32H364.1c-6.8-10.7-15.3-21.4-25.5-32zM109.4 128H338.6c10.1-10.7 18.6-21.3 25.5-32H83.9c6.8 10.7 15.3 21.3 25.5 32zm55.4 48c18.4 13.8 38.4 27.5 59.3 41.5c20.9-14 40.8-27.7 59.3-41.5H164.7z&quot;&gt;&lt;\/path&gt;&lt;\/svg&gt;'); \" id=\"ub-styled-list-item-2f03574d-79e2-4ca4-83ad-3c4ca91c72a9\">R\u00e9v\u00e9ler l\u2019histoire complexe des invasions d\u2019arthropodes gr\u00e2ce aux \u00ab omiques \u00bb<\/li><li class=\"ub_styled_list_item\" style=\"font-size: 20px;; --ub-list-item-icon-top: 3px; --ub-list-item-icon-size: 0.9em; --ub-list-item-background-image: url('data:image\/svg+xml;utf8,&lt;svg xmlns=&quot;http:\/\/www.w3.org\/2000\/svg&quot; viewBox=&quot;0 0 448 512&quot;&gt;&lt;path fill=&quot;%23000000&quot; d=&quot;M5.8 309.7C2 292.7 0 275.5 0 258.3 0 135 99.8 35 223.1 35c16.6 0 33.3 2 49.3 5.5C149 87.5 51.9 186 5.8 309.7zm392.9-189.2C385 103 369 87.8 350.9 75.2c-149.6 44.3-266.3 162.1-309.7 312 12.5 18.1 28 35.6 45.2 49 43.1-151.3 161.2-271.7 312.3-315.7zm15.8 252.7c15.2-25.1 25.4-53.7 29.5-82.8-79.4 42.9-145 110.6-187.6 190.3 30-4.4 58.9-15.3 84.6-31.3 35 13.1 70.9 24.3 107 33.6-9.3-36.5-20.4-74.5-33.5-109.8zm29.7-145.5c-2.6-19.5-7.9-38.7-15.8-56.8C290.5 216.7 182 327.5 137.1 466c18.1 7.6 37 12.5 56.6 15.2C240 367.1 330.5 274.4 444.2 227.7z&quot;&gt;&lt;\/path&gt;&lt;\/svg&gt;'); \" id=\"ub-styled-list-item-50f4e753-bf1e-4d89-82b8-e9e57737a83a\">De mieux en mieux compris : les progr\u00e8s de la recherche sur les abeilles mellif\u00e8res<\/li><li class=\"ub_styled_list_item\" style=\"font-size: 20px;; --ub-list-item-icon-top: 3px; --ub-list-item-icon-size: 0.9em; --ub-list-item-background-image: url('data:image\/svg+xml;utf8,&lt;svg xmlns=&quot;http:\/\/www.w3.org\/2000\/svg&quot; viewBox=&quot;0 0 512 512&quot;&gt;&lt;path fill=&quot;%23000000&quot; d=&quot;M184 48H328c4.4 0 8 3.6 8 8V96H176V56c0-4.4 3.6-8 8-8zm-56 8V96H64C28.7 96 0 124.7 0 160v96H192 320 512V160c0-35.3-28.7-64-64-64H384V56c0-30.9-25.1-56-56-56H184c-30.9 0-56 25.1-56 56zM512 288H320v32c0 17.7-14.3 32-32 32H224c-17.7 0-32-14.3-32-32V288H0V416c0 35.3 28.7 64 64 64H448c35.3 0 64-28.7 64-64V288z&quot;&gt;&lt;\/path&gt;&lt;\/svg&gt;'); \" id=\"ub-styled-list-item-5513bff7-a3a6-4c2b-a35d-5a42569b26c5\">Table ronde : De l\u2019\u0153uf \u00e0 l\u2019adulte \u2013 Une discussion sur les carri\u00e8res en entomologie<\/li>\n<\/div><\/ul><\/div>\n<\/div>\n","protected":false},"excerpt":{"rendered":"<p>Bienvenue! Nous sommes ravis de vous accueillir \u00e0 la R\u00e9union annuelle conjointe 2025 des Soci\u00e9t\u00e9s d\u2019entomologie du Canada et de l\u2019Alberta \u00e0 Calgary. Le programme scientifique commence \u00e0 13:30 h le dimanche 5 octobre et se termine en fin d\u2019apr\u00e8s-midi le mercredi 8 octobre au Best Western Premier Calgary Plaza Hotel &amp; Conference Centre. Liens [&hellip;]<\/p>\n","protected":false},"author":1,"featured_media":0,"parent":0,"menu_order":0,"comment_status":"closed","ping_status":"closed","template":"wp-custom-template-french","meta":{"ub_ctt_via":"","footnotes":""},"class_list":["post-41","page","type-page","status-publish","hentry"],"featured_image_src":null,"_links":{"self":[{"href":"https:\/\/entsocalberta.ca\/jam2025\/wp-json\/wp\/v2\/pages\/41","targetHints":{"allow":["GET"]}}],"collection":[{"href":"https:\/\/entsocalberta.ca\/jam2025\/wp-json\/wp\/v2\/pages"}],"about":[{"href":"https:\/\/entsocalberta.ca\/jam2025\/wp-json\/wp\/v2\/types\/page"}],"author":[{"embeddable":true,"href":"https:\/\/entsocalberta.ca\/jam2025\/wp-json\/wp\/v2\/users\/1"}],"replies":[{"embeddable":true,"href":"https:\/\/entsocalberta.ca\/jam2025\/wp-json\/wp\/v2\/comments?post=41"}],"version-history":[{"count":41,"href":"https:\/\/entsocalberta.ca\/jam2025\/wp-json\/wp\/v2\/pages\/41\/revisions"}],"predecessor-version":[{"id":865,"href":"https:\/\/entsocalberta.ca\/jam2025\/wp-json\/wp\/v2\/pages\/41\/revisions\/865"}],"wp:attachment":[{"href":"https:\/\/entsocalberta.ca\/jam2025\/wp-json\/wp\/v2\/media?parent=41"}],"curies":[{"name":"wp","href":"https:\/\/api.w.org\/{rel}","templated":true}]}}